 5.
11100130403
-5423 (base 9) to base 6
-30250
What is 1316a1 (base 11) in base 12?
9ba5a
-50612136 (base 7) to base 8
-20065430
What is 10000010111010101011011 (base 2) in base 4?
100113111123
-35052 (base 9) to base 15
-6dd5
-99a9 (base 15) to base 3
-1122122220
-12416205 (base 7) to base 4
-10110002013
-100011001101100111111 (base 2) to base 13
-315271
What is -5666442 (base 8) in base 11?
-959517
2800575 (base 10) to base 8
12535677
Convert -1102c1 (base 14) to base 16.
-8cd21
-49c6d (base 15) to base 10
-235678
Convert 3311440 (base 6) to base 13.
5a126
Convert -1122110202122 (base 3) to base 5.
-211002412
What is 41420211 (base 7) in base 13?
94ca19
cd245 (base 14) to base 8
1712735
What is -1120211001012 (base 3) in base 13?
-236795
What is -21343 (base 6) in base 13?
-1455
Convert -10032023032 (base 4) to base 5.
-240403023
What is -120032321 (base 4) in base 10?
-99257
What is 91b7a (base 12) in base 3?
100122200011
What is -1094f5 (base 16) in base 5?
-234233314
Convert 343214 (base 8) to base 3.
12220121210
-38828 (base 9) to base 7
-136232
-10101011111000011 (base 2) to base 14
-240dd
a4c63c (base 14) to base 2
10101001110111001101110
11867 (base 16) to base 7
416165
Convert -894106 (base 10) to base 9.
-1612431
Convert 203001303 (base 4) to base 11.
98882
130213013 (base 4) to base 7
665444
323440400 (base 6) to base 4
112001330100
Convert -1606635 (base 7) to base 13.
-796bc
3222220223 (base 4) to base 8
3525053
What is 3269 (base 10) in base 2?
110011000101
What is 10101122122 (base 3) in base 7?
365540
Convert -8287327 (base 9) to base 11.
-2554487
201344141 (base 5) to base 10
809296
10000102001012 (base 3) to base 12
653372
Convert 2503342 (base 6) to base 13.
486aa
12030011 (base 5) to base 14
2c78c
Convert 10653187 (base 9) to base 10.
5172415
Convert 18e3 (base 16) to base 12.
382b
-73314 (base 10) to base 6
-1323230
What is -351681 (base 11) in base 7?
-4514202
What is 111000001001011000 (base 2) in base 12?
b1108
-1ed033 (base 15) to base 13
-40c305
246b0 (base 12) to base 4
30003210
-416926 (base 10) to base 7
-3354346
Convert 231208 (base 13) to base 8.
3126534
What is b654 (base 14) in base 11?
21687
What is -102330231 (base 5) in base 13?
-122235
Convert -3063 (base 10) to base 4.
-233313
481121 (base 11) to base 16
ba3b7
What is -1232310201 (base 4) in base 8?
-1566441
-242318 (base 10) to base 13
-863ab
418463 (base 9) to base 14
66a38
-22663221 (base 9) to base 11
-625014a
Convert 2345545 (base 6) to base 9.
206782
-595718 (base 14) to base 5
-1240044403
Convert -638638 (base 10) to base 3.
-1012110001021
-11221011121011 (base 3) to base 11
-1530381
What is -6541710 (base 8) in base 13?
-495505
What is 442201322 (base 5) in base 2?
111010010111110001000
Convert -2052627 (base 8) to base 6.
-15412411
3624735 (base 8) to base 16
f29dd
Convert -3013232212 (base 4) to base 5.
-202134321
What is -2111230233 (base 4) in base 14?
-11d659
Convert -2128a65 (base 11) to base 7.
-43556326
10100011202120 (base 3) to base 11
10025a3
111101200031 (base 4) to base 16
55180d
Convert 171b8 (base 15) to base 5.
4342043
Convert -20225322 (base 6) to base 13.
-173843
What is -8f8edc (base 16) in base 6?
-533352324
-2e8eda (base 15) to base 5
-1034222410
120022030 (base 4) to base 14
280c4
Convert 21321100001 (base 4) to base 2.
1001111001010000000001
-2452622 (base 7) to base 3
-121000211012
What is 3012122312 (base 4) in base 12?
3323b2
-24106663 (base 7) to base 2
-1000001001101100110110
1471 (base 16) to base 5
131413
Convert 151010022 (base 6) to base 10.
3127262
What is -1210101221 (base 3) in base 8?
-104727
-1010122323 (base 5) to base 2
-111110001000011111011
What is 14cd5 (base 15) in base 9?
111842
What is -10110111001001010 (base 2) in base 13?
-338b1
-32064463 (base 7) to base 12
-ab324a
What is 620a0a7 (base 11) in base 12?
3809513
What is 1125053 (base 7) in base 12?
6972b
Convert -224af (base 16) to base 6.
-3002143
What is 90793 (base 13) in base 15?
51837
What is -1d488 (base 14) in base 13?
-28198
What is -621323 (base 7) in base 6?
-2135235
Convert 99047 (base 15) to base 12.
1b5357
22302214 (base 6) to base 9
1241631
What is 102210202221000 (base 3) in base 14?
b9486d
What is -4bf6 (base 16) in base 5?
-1110241
Convert 7dda01 (base 15) to base 12.
2023884
What is -bcbc4 (base 14) in base 15?
-909c2
What is 40232221 (base 5) in base 15?
6515b
What is 37586 (base 9) in base 8?
61265
1002043 (base 5) to base 4
3320122
Convert 45030132 (base 7) to base 9.
7277580
Convert -56cb1 (base 15) to base 8.
-1033421
150473 (base 12) to base 3
122221110120
Convert 73197 (base 10) to base 8.
216755
-191738 (base 10) to base 2
-101110110011111010
-2446131 (base 10) to base 13
-67851c
Convert -24105164 (base 7) to base 4.
-20021203223
-31449 (base 10) to base 2
-111101011011001
What is -b1dbd (base 14) in base 4?
-1220200003
What is -30816 (base 10) in base 15?
-91e6
17512 (base 13) to base 6
543224
Convert 10212012012000 (base 3) to base 9.
3765160
What is 50521606 (base 7) in base 4?
100003021123
-2051cb (base 16) to base 12
-8618b7
Convert -987876 (base 10) to base 11.
-61522a
Convert 27255715 (base 8) to base 13.
1362b33
Convert 32223302322 (base 4) to base 2.
1110101011110010111010
54d59 (base 14) to base 6
4224123
What is -27886 (base 15) in base 10?
-126801
-40154351 (base 6) to base 13
-3097cc
-c281a0 (base 14) to base 11
-3776410
-4813d9 (base 15) to base 8
-15113742
-1776c (base 14) to base 8
-163324
What is 1561067 (base 9) in base 14?
187c94
3a370 (base 12) to base 6
1414220
10131123242 (base 5) to base 15
da9b67
What is 41b87 (base 12) in base 5?
10230414
What is -24464633 (base 9) in base 10?
-11970696
-2118c0 (base 14) to base 3
-2002211100120
What is 11111010101010110 (base 2) in base 11?
88475
What is 2144243 (base 9) in base 14?
21d7d2
Convert -1264 (base 10) to base 8.
-2360
cc817 (base 15) to base 16
9ea5e
What is 102330011320 (base 4) in base 8?
22740570
-bd5368 (base 16) to base 14
-190da52
What is -1137555 (base 9) in base 11?
-390676
What is -1a55d5 (base 15) in base 11?
-7a7614
What is b95b1 (base 15) in base 4?
2033223331
80523 (base 9) to base 5
3143124
Convert 1000101110110001001001 (base 2) to base 8.
10566111
Convert 2252180 (base 11) to base 15.
52cbd5
-15352153 (base 6) to base 13
-160518
472551 (base 8) to base 16
27569
What is -9669 (base 16) in base 7?
-220155
Convert 6bd6 (base 16) to base 12.
13b86
-305441 (base 7) to base 5
-3133421
What is 10011022 (base 3) in base 15?
a38
Convert -1444224 (base 6) to base 12.
-40674
What is 10000111101101010101100 (base 2) in base 4?
100331222230
-124346 (base 10) to base 13
-447a1
-1633b (base 15) to base 3
-10122020002
What is 4755a (base 13) in base 9?
218057
-2441121423 (base 5) to base 13
-1281844
877558 (base 9) to base 13
1545b6
Convert -22ee66 (base 15) to base 5.
-411423441
-7a741d (base 15) to base 6
-325150444
Convert 1cd76 (base 15) to base 14.
2645b
What is -9773 (base 10) in base 7?
-40331
4726e4 (base 16) to base 5
2143204022
What is -a84b7 (base 14) in base 15?
-80922
293a7 (base 12) to base 4
32003233
What is 43145a (base 11) in base 12?
293387
Convert 1016174 (base 9) to base 5.
114330044
What is -1474283 (base 9) in base 16?
-c764d
-bc887 (base 13) to base 5
-41420443
300a9b (base 12) to base 13
202649
Convert 200550522 (base 6) to base 13.
922988
1000001100001001101 (base 2) to base 8
1014115
What is 3053001 (base 6) in base 3?
21110210001
Convert -2021613 (base 7) to base 5.
-30200442
Convert -38579a (base 13) to base 9.
-2484220
Convert 3730750 (base 12) to base 14.
1602576
What is 1390957 (base 11) in base 2?
1001000110111010110010
Convert 101100111110000 (base 2) to base 6.
254332
Convert -100100010101011001 (base 2) to base 13.
-52981
What is 16a84a8 (base 11) in base 8?
13027247
What is -5116616 (base 7) in base 6?
-21023122
Convert -7044876 (base 9) to base 5.
-1424444324
What is -34662 (base 10) in base 11?
-24051
3a53e (base 15) to base 6
4000505
Convert 2429361 (base 10) to base 6.
124023013
214420304 (base 5) to base 9
1675481
Convert -258062 (base 14) to base 16.
-13ae26
What is 210e6 (base 16) in base 7?
1102514
Convert -120310322011 (base 4) to base 7.
-106214146
-321302 (base 7) to base 2
-1101100110100011
Convert -15